94230107 composite?
True
Is 35395421 composite?
True
Is 137222053 prime?
True
Is 22871 a composite number?
False
Is 5936059 a composite number?
False
Is 155225111 a prime number?
True
Is 21361231 prime?
False
Is 179012843 prime?
True
Is 6404935 a prime number?
False
Is 27530207 prime?
False
Is 318422023 a composite number?
False
Is 9673799 composite?
True
Is 497339 a prime number?
True
Is 1636981 composite?
True
Is 30446617 composite?
False
Is 105243091 a composite number?
False
Is 525687 composite?
True
Is 43845223 prime?
True
Is 540055931 prime?
False
Is 2695793 prime?
True
Is 1751658917 a composite number?
False
Is 37413491 composite?
False
Is 29817559 composite?
False
Is 42229699 a prime number?
False
Is 355115627 a prime number?
True
Is 3803311 a prime number?
True
Is 107364241 a prime number?
False
Is 99092627 prime?
False
Is 6209341 a prime number?
True
Is 83047 a composite number?
False
Is 1557071 composite?
True
Is 4903043 composite?
False
Is 3030857 prime?
True
Is 9601273 composite?
True
Is 16026238 a composite number?
True
Is 90831269 a prime number?
True
Is 20102377 composite?
True
Is 120520921 a composite number?
True
Is 77665529 a prime number?
False
Is 388452803 a prime number?
True
Is 2135483 composite?
True
Is 9777337 composite?
True
Is 346793 a composite number?
False
Is 25585691 a composite number?
False
Is 102439945 prime?
False
Is 30840143 prime?
True
Is 217214807 a prime number?
True
Is 3019403 prime?
False
Is 4434371 a prime number?
True
Is 596570735 a composite number?
True
Is 81719777 a prime number?
False
Is 3836047 a composite number?
False
Is 74470499 prime?
True
Is 1432177 composite?
False
Is 3834109 prime?
True
Is 113942093 a prime number?
False
Is 4863541 a composite number?
True
Is 767399 composite?
False
Is 48572783 prime?
False
Is 3655947 prime?
False
Is 50356451 composite?
False
Is 7568879 composite?
False
Is 25424969 a composite number?
False
Is 4343777 a prime number?
False
Is 5073527 prime?
False
Is 305827 composite?
True
Is 6740315 a prime number?
False
Is 6984539 a composite number?
True
Is 35002111 a composite number?
True
Is 6828377 a prime number?
True
Is 24798611 prime?
False
Is 950423 a prime number?
True
Is 8394433 a composite number?
False
Is 64666009 a composite number?
False
Is 880517987 composite?
False
Is 681737551 a prime number?
False
Is 759457 prime?
True
Is 3243451 a composite number?
True
Is 184823797 a composite number?
True
Is 35790103 a prime number?
False
Is 49735403 a prime number?
False
Is 25618979 composite?
False
Is 210678703 composite?
True
Is 3610639 a prime number?
False
Is 191857609 prime?
True
Is 11658661 a prime number?
False
Is 468793 composite?
True
Is 64678681 composite?
True
Is 360928723 composite?
False
Is 100061389 a composite number?
False
Is 12772937 composite?
False
Is 140777333 a composite number?
True
Is 3941723 composite?
True
Is 2501347 prime?
True
Is 626207 a prime number?
True
Is 13539257 a prime number?
False
Is 117144487 a prime number?
False
Is 2145035 a composite number?
True
Is 29563727 a prime number?
True
Is 58603747 composite?
True
Is 227663 composite?
False
Is 1356671 composite?
False
Is 21286229 a prime number?
True
Is 1564643 prime?
True
Is 60828289 a prime number?
True
Is 2140513 a composite number?
False
Is 160634791 a prime number?
True
Is 16809153 a composite number?
True
Is 276165691 a composite number?
True
Is 615713 a composite number?
True
Is 839693 a composite number?
False
Is 1441901 prime?
False
Is 11292591 a composite number?
True
Is 10664933 a composite number?
True
Is 14042461 a prime number?
True
Is 347649997 composite?
False
Is 30946679 prime?
True
Is 1613217007 prime?
True
Is 57213937 composite?
True
Is 79601479 a composite number?
True
Is 24327179 a prime number?
False
Is 113892223 prime?
True
Is 7325797 a composite number?
False
Is 7278305 composite?
True
Is 4114807 prime?
False
Is 392954 prime?
False
Is 1883657 a prime number?
False
Is 403379 a composite number?
True
Is 37481159 prime?
True
Is 310955 prime?
False
Is 1544159 a prime number?
True
Is 510181207 composite?
False
Is 13179703 a composite number?
True
Is 100971349 prime?
True
Is 2150237 composite?
True
Is 1160531 prime?
False
Is 10877533 a composite number?
True
Is 97327231 composite?
False
Is 160833677 prime?
False
Is 4269721 prime?
True
Is 13915541 prime?
True
Is 11931163 a prime number?
True
Is 3076483 a prime number?
True
Is 6282655 a composite number?
True
Is 2573221 a composite number?
True
Is 38909069 prime?
True
Is 357480185 a composite number?
True
Is 5980433 prime?
True
Is 1881151 a composite number?
False
Is 3333227 a composite number?
True
Is 11544623 composite?
True
Is 70255 a composite number?
True
Is 56437323 a prime number?
False
Is 484160029 composite?
False
Is 5153123 a prime number?
False
Is 123169 prime?
True
Is 16477 a prime number?
True
Is 4783309 prime?
False
Is 2507093 prime?
True
Is 220049 a composite number?
True
Is 1792907 prime?
False
Is 9868217 prime?
True
Is 77617361 a prime number?
True
Is 7231397 a composite number?
False
Is 2752151 a prime number?
True
Is 504019 a composite number?
True
Is 5931449 prime?
True
Is 228743 a prime number?
False
Is 646559429 a composite number?
False
Is 5743211 a composite number?
True
Is 3887449 a composite number?
False
Is 87561163 a composite number?
True
Is 82736597 composite?
False
Is 3108337 a composite number?
False
Is 6952909 a prime number?
True
Is 3484829 prime?
True
Is 2127919 a prime number?
True
Is 660738023 composite?
True
Is 1588498 a prime number?
False
Is 309549241 a prime number?
True
Is 2120711 prime?
False
Is 7809079 a composite number?
False
Is 159311 a composite number?
False
Is 765924629 composite?
False
Is 664843 prime?
True
Is 98399029 a prime number?
True
Is 26396933 a prime number?
True
Is 9698729 a composite number?
True
Is 20929487 a composite number?
False
Is 24390043 a composite number?
True
Is 13459067 a composite number?
False
Is 62362778 composite?
True
Is 14471315 a composite number?
True
Is 335282 composite?
True
Is 603149 a composite number?
False
Is 8104585 composite?
True
Is 58201174 a prime number?
False
Is 8921021 a prime number?
True
Is 67538995 prime?
False
Is 2214799 a prime number?
False
Is 60319433 prime?
False
Is 1860919 a composite number?
True
Is 7282978 a prime number?
False
Is 480833107 a composite number?
False
Is 315213667 composite?
True
Is 628333 prime?
False
Is 20138609 a composite number?
False
Is 3054919 composite?
True
Is 440423 a prime number?
False
Is 270397 a composite number?
True
Is 20340539 a prime number?
True
Is 39860491 prime?
False
Is 74231683 a composite number?
False
Is 1120927 a prime number?
False
Is 212870213 composite?
True
Is 466017059 prime?
False
Is 8068979 a prime number?
False
Is 4813343 a composite number?
True
Is 101369441 composite?
True
Is 63139243 a prime number?
False
Is 896224603 prime?
True
Is 342514687 prime?
True
Is 598847 prime?
False
Is 150979 prime?
True
Is 83151077 prime?
True
Is 454823 a prime number?
True
Is 2947999 composite?
False
Is 293915101 prime?
False
Is 509477 prime?
True
Is 1867147 a prime number?
True
Is 27029473 prime?
False
Is 71452471 a composite number?
False
Is 285546227 a composite number?
False
Is 287072749 a prime number?
False
Is 38992571 prime?
False
Is 9783791 a composite number?
True
Is 769814 prime?
False
Is 11939843 composite?
False
Is 25232767 a composite number?
True
Is 3375499 a composite number?
False
Is 954903347 a prime number?
True
Is 1344159591 a composite number?
True
Is 9797717 composite?
True
Is 10515299 composite?
True
Is 2569181 prime?
True
Is 28132991 composite?
True
Is 41122747 prime?
False
Is 11780269 prime?
False
Is 2537831 composite?
True
Is 342193 prime?
False
Is 82545389 prime?
True
Is 10541 a prime number?
False
Is 536797 prime?
False
Is 163837 a prime number?
False
Is 136243 composite?
True
Is 19116219 a prime number?
False
Is 1161191 composite?
True
Is 271207 composite?
True
Is 6186341 prime?
False
Is 49769117 a composite number?
True
Is 34766741 a prime number?
True
Is 167747057 composite?
False
Is 31513669 composite?
True
Is 2009239 composite?
False
Is 279513661 composite?
True
Is 73478789 prime?
False
Is 62600743 a prime number?
True
Is 1801187 composite?
False
